{"id":9073,"date":"2020-05-13T08:15:44","date_gmt":"2020-05-13T08:15:44","guid":{"rendered":"https:\/\/web.lasallesantiago.gal\/?page_id=9073"},"modified":"2023-02-08T11:27:06","modified_gmt":"2023-02-08T11:27:06","slug":"proyecto-educativo","status":"publish","type":"page","link":"https:\/\/web.lasallesantiago.gal\/es\/proyecto-educativo\/","title":{"rendered":"Proyecto educativo"},"content":{"rendered":"<div id=\"pl-9073\"  class=\"panel-layout\" ><div id=\"pg-9073-0\"  class=\"panel-grid panel-no-style\" ><div id=\"pgc-9073-0-0\"  class=\"panel-grid-cell\" ><div id=\"panel-9073-0-0-0\" class=\"so-panel widget widget_heading panel-first-child panel-last-child\" data-index=\"0\" ><div class=\"thim-widget-heading template-base\"><div class=\"sc_heading  text-left\"><h3 style=\"text-transform: uppercase;\" class=\"title\">Proyecto educativo<\/h3><span class=\"line\"><\/span><\/div><\/div><\/div><\/div><\/div><div id=\"pg-9073-1\"  class=\"panel-grid panel-no-style\" ><div id=\"pgc-9073-1-0\"  class=\"panel-grid-cell\" ><div id=\"panel-9073-1-0-0\" class=\"so-panel widget widget_sow-editor panel-first-child\" data-index=\"1\" ><div\n\t\t\t\n\t\t\tclass=\"so-widget-sow-editor so-widget-sow-editor-base\"\n\t\t\t\n\t\t>\n<div class=\"siteorigin-widget-tinymce textwidget\">\n\t<p>El <strong>Proyecto Educativo<\/strong> recoge el marco global en el que se inscribe la tarea educativa y social que el Colegio lleva a cabo. En \u00e9l se se\u00f1alan los objetivos generales, se concretan los principios pedag\u00f3gicos y los medios did\u00e1cticos, se enumeran las l\u00edneas pastorales y de educaci\u00f3n en valores, y se ofrecen medios de participaci\u00f3n a todos los miembros de la Comunidad Educativa.<\/p>\n<\/div>\n<\/div><\/div><div id=\"panel-9073-1-0-1\" class=\"so-panel widget widget_button panel-last-child\" data-index=\"2\" ><div class=\"thim-widget-button template-base\"><a class=\"widget-button  normal custom_style\" href=\"\/wp-content\/uploads\/2023\/02\/Proxecto-Educativo_v2.1.pdf\" style=\"--widget-button-font-size: 14px;--widget-button-font-weight: normal;--widget-button-border-width: 1;--widget-button-color: #005aa0;--widget-button-border-color: #005aa0;--widget-button-background-color: #ffffff;--widget-button-color-hover: #ffffff;--widget-button-border-color-hover: #005aa0;--widget-button-background-color-hover: #005aa0;\">Consultar Proyecto Educativo<\/a><\/div><\/div><\/div><\/div><\/div>","protected":false},"excerpt":{"rendered":"<p>El Proyecto Educativo recoge el marco global en el que se inscribe la tarea educativa y social que el Colegio lleva a cabo. En \u00e9l se se\u00f1alan los objetivos generales, se concretan los principios pedag\u00f3gicos y los medios did\u00e1cticos, se &hellip; <\/p>\n","protected":false},"author":1,"featured_media":0,"parent":0,"menu_order":0,"comment_status":"closed","ping_status":"closed","template":"","meta":{"footnotes":""},"class_list":["post-9073","page","type-page","status-publish","hentry"],"_links":{"self":[{"href":"https:\/\/web.lasallesantiago.gal\/es\/wp-json\/wp\/v2\/pages\/9073","targetHints":{"allow":["GET"]}}],"collection":[{"href":"https:\/\/web.lasallesantiago.gal\/es\/wp-json\/wp\/v2\/pages"}],"about":[{"href":"https:\/\/web.lasallesantiago.gal\/es\/wp-json\/wp\/v2\/types\/page"}],"author":[{"embeddable":true,"href":"https:\/\/web.lasallesantiago.gal\/es\/wp-json\/wp\/v2\/users\/1"}],"replies":[{"embeddable":true,"href":"https:\/\/web.lasallesantiago.gal\/es\/wp-json\/wp\/v2\/comments?post=9073"}],"version-history":[{"count":0,"href":"https:\/\/web.lasallesantiago.gal\/es\/wp-json\/wp\/v2\/pages\/9073\/revisions"}],"wp:attachment":[{"href":"https:\/\/web.lasallesantiago.gal\/es\/wp-json\/wp\/v2\/media?parent=9073"}],"curies":[{"name":"wp","href":"https:\/\/api.w.org\/{rel}","templated":true}]}}

<div id="pl-9073"  class="panel-layout" ><div id="pg-9073-0"  class="panel-grid panel-no-style" ><div id="pgc-9073-0-0"  class="panel-grid-cell" ><div id="panel-9073-0-0-0" class="so-panel widget widget_heading panel-first-child panel-last-child" data-index="0" ><div class="thim-widget-heading template-base"><div class="sc_heading  text-left"><h3 style="text-transform: uppercase;" class="title">Proyecto educativo</h3><span class="line"></span></div></div></div></div></div><div id="pg-9073-1"  class="panel-grid panel-no-style" ><div id="pgc-9073-1-0"  class="panel-grid-cell" ><div id="panel-9073-1-0-0" class="so-panel widget widget_sow-editor panel-first-child" data-index="1" ><div
			
			class="so-widget-sow-editor so-widget-sow-editor-base"
			
		>
<div class="siteorigin-widget-tinymce textwidget">
	<p>El <strong>Proyecto Educativo</strong> recoge el marco global en el que se inscribe la tarea educativa y social que el Colegio lleva a cabo. En él se señalan los objetivos generales, se concretan los principios pedagógicos y los medios didácticos, se enumeran las líneas pastorales y de educación en valores, y se ofrecen medios de participación a todos los miembros de la Comunidad Educativa.</p>
</div>
</div></div><div id="panel-9073-1-0-1" class="so-panel widget widget_button panel-last-child" data-index="2" ><div class="thim-widget-button template-base"><a class="widget-button  normal custom_style" href="/wp-content/uploads/2023/02/Proxecto-Educativo_v2.1.pdf" style="--widget-button-font-size: 14px;--widget-button-font-weight: normal;--widget-button-border-width: 1;--widget-button-color: #005aa0;--widget-button-border-color: #005aa0;--widget-button-background-color: #ffffff;--widget-button-color-hover: #ffffff;--widget-button-border-color-hover: #005aa0;--widget-button-background-color-hover: #005aa0;">Consultar Proyecto Educativo</a></div></div></div></div></div>

<p>El Proyecto Educativo recoge el marco global en el que se inscribe la tarea educativa y social que el Colegio lleva a cabo. En él se señalan los objetivos generales, se concretan los principios pedagógicos y los medios didácticos, se &hellip; </p>
